- 3*k + 1. Let u be d(6). Let q(l) = -l**2 + 24*l + 5. Let y be q(24). What is the greatest common divisor of u and y?
5
Suppose d + 3*f - 1 = 8*f, 4 = 4*d - 2*f. Let y be 2/4*0/(-3). Suppose y*s = -3*s + 15. Calculate the highest common divisor of d and s.
1
Let k(s) = -s**3 - 15*s**2 - 14*s + 16. Let f be k(-14). What is the highest common factor of f and 4?
4
Let l = 20 + -16. What is the greatest common factor of 4 and l?
4
Suppose -16 = -4*j - 4*f, j + 4*f + 2 = -j. Calculate the highest common factor of j and 99.
9
Let m = 9 - 6. What is the highest common factor of 12 and m?
3
Let w = 1 - -3. Suppose w*j = 2 + 2. Calculate the highest common divisor of j and 9.
1
Let k = -95 + 114. Calculate the highest common divisor of 76 and k.
19
Suppose n - 4*n = -15. Let o(f) = 2*f - 2. Let w be o(n). Let k be (36/15)/(3/110). What is the highest common factor of w and k?
8
Let t be ((-10)/(-6))/((-1)/(-3)). Suppose 3*i = -t*u + 245, 3*i + u + 2*u = 243. Suppose -7*n + i = -2*n. What is the greatest common divisor of n and 176?
16
Let o(z) = 9*z**3 - z**2 + 2*z - 2. Let s be o(1). What is the greatest common divisor of 8 and s?
8
Let y(n) = 2*n**2 - 3*n + 2. Let a be y(3). Let k(l) = -l**2 + 4*l + 6. Let z be k(5). Calculate the highest common divisor of z and a.
1
Suppose 0 = -5*t - 2*p - 0*p + 26, 0 = -5*t + p + 17. Suppose 0 = -t*y + 14 + 18. What is the highest common factor of y and 8?
8
Let x(y) = -y**3 - 5*y**2 + 2*y - 9. Let o be x(-6). Calculate the highest common factor of 6 and o.
3
Let q be (-2 - -2) + (3 - 1). Let s be 1/q*5*4. What is the greatest common divisor of 5 and s?
5
Let l(t) = -3*t**3 - 2*t - 1. Let u be (2 - -1)*3/(-9). Let k be l(u). Calculate the greatest common divisor of k and 36.
4
Let t = 42 - 12. Suppose -4*p + 2*a = -3*a - 10, 4*p + 4*a - 28 = 0. Calculate the highest common factor of p and t.
5
Suppose -21 = 4*u - 85. What is the highest common divisor of u and 2?
2
Let u = 3 + 5. Suppose -2*g = x - 142, -4*g + 3*x - 80 + 374 = 0. Calculate the highest common divisor of g and u.
8
Let x = -17 - -11. Let h be (x/4)/((-3)/(-16)). Let d be 4/h + (-122)/(-4). Calculate the greatest common divisor of 12 and d.
6
Let u(g) = g**3 + 11*g**2 + 4*g - 3. Let x be u(-7). Calculate the highest common divisor of x and 66.
33
Let l(r) = -2 + 3*r + 22*r**2 + 5 - 2 + 1. Let j be l(3). What is the highest common divisor of 19 and j?
19
Let l be (10/(-6))/(12/(-252)). Calculate the highest common divisor of l and 7.
7
Let p = -7 - -4. Let k = p - -5. Suppose 0 = k*c - 5*y - 159, c + 5*y - 19 - 38 = 0. Calculate the highest common divisor of 9 and c.
9
Suppose 0 = -5*q + 120 - 0. Suppose c = -c + 72. Calculate the greatest common divisor of q and c.
12
Suppose 0 = -5*f - 20 + 50. Let j(v) = -3*v - 5*v + f*v - 11. Let c be j(-8). Calculate the highest common factor of 25 and c.
5
Let q = -8 + 10. Suppose -14 = -m - 4*i, 2*m - 26 - 22 = q*i. Calculate the highest common divisor of m and 11.
11
Let m = 34 + -9. Let i(f) = f**2 + 3*f + 6. Let u be i(-4). What is the highest common divisor of u and m?
5
Let r(c) = c**3 - 4*c + 3. Let a be r(3). Suppose 0 = 3*b + 4*o - 582, -2*b - o - 993 = -7*b. Calculate the greatest common divisor of b and a.
18
Suppose -639 = -2*s + i - 0*i, 1592 = 5*s + 3*i. What is the highest common divisor of 29 and s?
29
Let k = -1 - -3. Suppose r - 5*l + k*l = 48, 3*r - 4*l = 159. Suppose 0*x + 114 = 3*x. What is the greatest common divisor of r and x?
19
Let p be (3 + 564/8)/((-6)/(-8)). What is the greatest common factor of p and 14?
14
Suppose 6*q = q + 20. Suppose 7*m - q*m = 27. Let j = m + -6. Calculate the greatest common factor of 12 and j.
3
Suppose 0 + 108 = 4*h. Let j = 19 - 16. What is the greatest common divisor of h and j?
3
Let h(g) = -g**2 - 15*g - 6. Let n be h(-13). Calculate the greatest common factor of 8 and n.
4
Let s be (-4)/10*-5 - 1. Let m be ((-8)/6)/s*-33. What is the highest common divisor of m and 11?
11
Suppose i - 3 = 3*s - 2, -11 = s - 3*i. Let l be 1/s*(-15)/(-1). Let c(z) = 17*z + 1. Let x be c(7). What is the greatest common divisor of l and x?
15
Suppose 0 = -3*s + 4 - 1. Let d be s/(0 - (-2)/6). Let q be (-19 - d)*(3 + -4). Calculate the greatest common factor of 154 and q.
22
Suppose -4*q + 17 + 15 = 0. Suppose -4*c = -3*f + 21, 2*f - 6 = -2*c - 2*f. Let g be 93/12 + c/(-12). What is the greatest common divisor of g and q?
8
Let d(g) = g**2 - 6*g + 10. Let l be d(4). Calculate the highest common divisor of 1 and l.
1
Let d(v) = -v**2 - 8*v + 1. Suppose 3*f + 21 + 0 = 0. Let h be d(f). Calculate the highest common factor of h and 4.
4
Suppose 2*z - 3 - 3 = 0. Suppose z + 8 = h + 5*g, 3*g - 3 = 3*h. Suppose 3*o - 3 = -0. What is the greatest common factor of o and h?
1
Let f be 3/(75/(-39) - -2). Calculate the greatest common factor of 13 and f.
13
Suppose 2*x = -2*x - 8. Let b be (0/(-3) - x) + 2. Calculate the greatest common factor of 36 and b.
4
Let a be (2 + -1)/((-1 + -3)/(-44)). Calculate the greatest common divisor of a and 44.
11
Let u be (-4)/(-2) + -1 - 32. Let d = 9 - u. Calculate the highest common divisor of d and 16.
8
Let s(v) = -v - 4. Let p be s(-7). Calculate the greatest common divisor of p and 33.
3
Suppose -25 = -k - 4*w, 44 + 42 = 3*k + w. Calculate the highest common factor of 58 and k.
29
Let y be 0 - 7/((-28)/16). What is the highest common factor of y and 2?
2
Let u(q) = q**3 - 4*q**2 + q - 4. Let r be u(4). Suppose k + r*k - 18 = -a, 0 = -2*k - 5*a + 30. What is the greatest common factor of k and 5?
5
Suppose -10*o - 12*o + 396 = 0. Suppose 3*z - 50 = 85. What is the greatest common factor of z and o?
9
Let z(n) = -6*n - 2. Let g be z(-3). Suppose -2*r + g = 2. Let k(q) = -27*q + 2. Let w be k(-2). What is the highest common divisor of r and w?
7
Let u(g) = 67*g - 2. Let j be u(2). What is the highest common factor of 12 and j?
12
Suppose 5*m = -0*m + 80. Calculate the highest common factor of m and 16.
16
Let p be (-2)/(0 + (-1)/(-1)). Let a = 38 + p. Let c = -3 - -7. What is the highest common factor of c and a?
4
Suppose 5*b + 0*y + y = 30, -3*b + 40 = 5*y. Suppose -b*q + 77 - 7 = 0. What is the highest common factor of 35 and q?
7
Let s(m) = -3*m + 22. Let g be s(6). Calculate the greatest common divisor of 2 and g.
2
Let d(y) = 4*y**3 - y**2 + 3*y - 2. Let f be d(1). What is the greatest common divisor of 4 and f?
4
Suppose -4*f - 20 = -2*f. Let m = f - -14. Calculate the highest common factor of 28 and m.
4
Let q be 3 + ((-6)/(-3))/(-2). Suppose -4*m + m = -12. Suppose 0 = i - q*i - 5*y + 105, 0 = m*i - 3*y - 489. Calculate the highest common divisor of i and 15.
15
Let m be (9/(-15))/((-1)/5). Suppose -36 = n - m*n - 4*r, 11 = n - 5*r. Calculate the greatest common factor of n and 16.
16
Suppose 0*s - 3*s = -81. Suppose 2*t = 28 + 90. Suppose -5*r - 14 = -t. What is the greatest common divisor of r and s?
9
Let g(q) = -q**3 - q**2 + 4*q. Let z be g(-3). Suppose -4*w = -0*w + 4. Let h be 149/5 - w/5. Calculate the highest common divisor of h and z.
6
Let q be 299/(-9) + 4/18. Let t = q + 46. Calculate the greatest common divisor of 104 and t.
13
Let c = 2 - -34. Calculate the highest common factor of 90 and c.
18
Suppose -4*h - 28 = -2*r, 5*h = -3 + 28. What is the greatest common divisor of 8 and r?
8
Let d(j) = -8*j - 55. Let c be d(-10). What is the highest common divisor of 20 and c?
5
Let p(d) = 2*d**3 - 3*d**2 + 2*d + 3. Let f be p(3). Let u = 0 + 0. Let n be 1*9 - u/(-3). Calculate the highest common divisor of n and f.
9
Suppose 1 = 5*l - 14. Let p be -2 + (3*72)/l. Calculate the highest common divisor of p and 14.
14
Let v(r) = -4*r**2 + 17*r**2 - 1 - 11*r**2 + 2*r - r**3. Let b be v(2). Let k be 6 - (-1*1 - -1). Calculate the highest common factor of k and b.
3
Let k be 0/4 + (-6)/(-2). Calculate the highest common divisor of 1 and k.
1
Let c be 0 - 0 - (-6)/3. Suppose -3*j + 2 = c*r - 10, 0 = -4*r - 2*j + 24. Calculate the greatest common divisor of r and 4.
2
Suppose -8*i = -6*i - 8. What is the highest common factor of i and 8?
4
Suppose 0*w + w = x - 6, 0 = -5*w - 15. Let v be x*(-4)/3 - -30. Calculate the highest common factor of 65 and v.
13
Suppose -1048 = 9*p - 3118. Calculate the highest common divisor of 46 and p.
46
S